f 82 and 2522028654?
82
What is the greatest common factor of 294597 and 116343?
27
What is the highest common divisor of 6642969 and 119499?
1959
Calculate the highest common divisor of 536 and 48711412.
268
Calculate the greatest common divisor of 36237 and 159048.
141
What is the highest common divisor of 189 and 3185007?
21
What is the greatest common factor of 29589042 and 89376?
5586
Calculate the highest common factor of 1149234 and 5542.
34
Calculate the greatest common factor of 60 and 199860.
60
Calculate the highest common divisor of 2871678 and 4298.
614
What is the greatest common divisor of 12311451 and 27?
9
What is the highest common factor of 651 and 13032741?
93
Calculate the greatest common divisor of 12797 and 2399342.
191
What is the greatest common divisor of 5514938 and 12584?
3146
Calculate the greatest common factor of 3451 and 478471.
203
What is the highest common divisor of 5425 and 310046345?
1085
What is the highest common divisor of 3079137 and 2511?
93
What is the highest common divisor of 688 and 42864464?
688
What is the highest common divisor of 865074 and 1302?
42
What is the highest common divisor of 28394804 and 9844?
428
Calculate the greatest common factor of 230098 and 50204.
22
What is the greatest common factor of 27855 and 32931?
9
What is the greatest common divisor of 652843648 and 152?
152
Calculate the highest common divisor of 1755 and 8571303.
117
Calculate the greatest common factor of 663942780 and 18.
18
What is the highest common divisor of 12936 and 12607896?
1176
Calculate the greatest common factor of 104702142 and 6.
6
What is the highest common factor of 7445 and 73985?
5
What is the greatest common divisor of 2121511 and 49?
7
Calculate the highest common divisor of 23 and 15174466.
1
What is the highest common factor of 90281440 and 1495?
115
What is the greatest common divisor of 459 and 1979721?
27
Calculate the highest common factor of 83781 and 46764243.
2889
What is the greatest common factor of 64060 and 13180?
20
Calculate the highest common divisor of 218520 and 278084910.
18210
Calculate the greatest common divisor of 9477096 and 48.
24
Calculate the greatest common divisor of 3550 and 2911.
71
What is the highest common factor of 12 and 1965213?
3
Calculate the greatest common divisor of 515 and 156794222.
103
What is the greatest common factor of 2280307 and 61415?
71
What is the highest common factor of 112 and 15137056?
16
Calculate the highest common divisor of 187 and 6705259.
187
What is the highest common divisor of 443 and 23110?
1
Calculate the highest common factor of 902 and 675928.
22
Calculate the highest common divisor of 2108223 and 2337600.
1461
Calculate the highest common divisor of 45626 and 6538.
14
Calculate the highest common divisor of 215810 and 76090.
70
What is the greatest common factor of 7054094 and 5362?
766
What is the highest common factor of 148087542 and 278?
278
Calculate the greatest common factor of 864788 and 103.
103
What is the greatest common factor of 20100 and 175256925?
5025
Calculate the highest common divisor of 783 and 44843193.
783
What is the highest common divisor of 51643475 and 3406?
1703
What is the greatest common divisor of 65705 and 29155?
85
What is the greatest common factor of 6777344 and 1442?
14
What is the greatest common factor of 398739 and 25009?
281
What is the highest common factor of 743042 and 47998?
206
What is the greatest common divisor of 352343607 and 231?
231
Calculate the greatest common divisor of 20162615 and 1595.
55
Calculate the highest common divisor of 377 and 4725071.
13
Calculate the greatest common factor of 78531525 and 31.
31
What is the highest common factor of 61800537 and 87?
87
What is the greatest common factor of 83654370 and 2224?
278
Calculate the greatest common divisor of 10 and 15904810.
10
What is the greatest common factor of 6183079 and 10269?
1141
What is the highest common factor of 2897 and 8218789?
2897
Calculate the highest common divisor of 12804 and 218817159.
3201
What is the greatest common divisor of 10074 and 135516?
138
Calculate the highest common factor of 321010644 and 6303.
573
Calculate the highest common factor of 22581 and 274352.
13
What is the highest common divisor of 54 and 15484410?
18
What is the highest common factor of 1843965 and 4082?
157
What is the highest common factor of 902240 and 7776?
32
What is the highest common factor of 79150736 and 32?
16
Calculate the greatest common divisor of 180 and 47772684.
36
What is the highest common divisor of 1509064 and 6904?
8
Calculate the highest common divisor of 45701423 and 4505.
901
Calculate the highest common factor of 20701520 and 6860.
980
Calculate the highest common factor of 1220 and 3182675.
305
Calculate the highest common factor of 2168075 and 364.
91
What is the highest common divisor of 9157776 and 24?
24
Calculate the highest common divisor of 3130081 and 1002.
167
What is the highest common divisor of 26837712 and 308?
44
Calculate the highest common factor of 140 and 5976236.
28
What is the highest common divisor of 238417296 and 17589?
1599
What is the highest common factor of 426200820 and 100?
20
Calculate the highest common divisor of 770154 and 198.
66
Calculate the greatest common divisor of 15694 and 36162.
14
What is the greatest common divisor of 2771 and 2083955?
163
What is the highest common factor of 532 and 15473087?
133
Calculate the highest common factor of 19053790 and 73250.
2930
What is the greatest common factor of 16140 and 480?
60
What is the greatest common divisor of 2206988 and 18476?
596
What is the greatest common divisor of 9526 and 216238?
22
Calculate the highest common factor of 6544 and 64928.
16
What is the greatest common divisor of 7997381 and 140?
7
Calculate the highest common divisor of 30418256 and 572.
44
Calculate the greatest common divisor of 107 and 949586.
1
Calculate the greatest common factor of 3659345 and 9.
1
What is the greatest common factor of 30849500 and 12496?
3124
What is the highest common divisor of 123450 and 1210?
10
Calculate the greatest common factor of 2792549 and 20576.
643
What is the greatest common factor of 76 and 283070626?
38
Calculate the greatest common factor of 931 and 613833.
19
What is the highest common factor of 83946511 and 11792?
737
Calculate the highest common divisor of 3898189 and 1298.
59
Calculate the greatest common divisor of 1788 and 140328.
12
Calculate the greatest common divisor of 1139 and 60132366.
1139
What is the greatest common divisor of 891217 and 123?
41
What is the greatest common divisor of 158 and 14176550?
158
Calculate the greatest common divisor of 161103175 and 7705.
335
Calculate the highest common divisor of 609793 and 131633.
139
What is the highest common factor of 6798980 and 340?
340
Calculate the highest common factor of 3201330 and 110.
110
Calculate the highest common divisor of 2578091 and 568739.
2887
Calculate the greatest common factor of 357496370 and 55.
55
Calculate the greatest common divisor of 1466624 and 93568.
2176
Calculate the greatest common factor of 37706372 and 88.
44
What is the highest common factor of 183578 and 65892?
38
What is the highest common divisor of 684 and 700092?
36
What is the highest common divisor of 7942468 and 55168?
1724
What is the greatest common divisor of 114 and 969966?
6
What is the greatest common divisor of 164416824 and 1584?
792
What is the highest common factor of 31585905 and 15?
15
What is the greatest common factor of 56287778 and 428?
214
Calculate the greatest common factor of 274578568 and 10736.
5368
What is the highest common factor of 102 and 863294?
34
Calculate the greatest common factor of 551 and 93053659.
19
What is the greatest common factor of 2353971 and 398?
199
What is the highest common factor of 336 and 115995432?
168
Calculate the highest common divisor of 1472 and 2558474.
46
What is the highest common divisor of 73 and 10723043?
73
What is the greatest common factor of 3757500 and 24?
12
Calculate the highest common factor of 2337690 and 53490.
30
Calculate the highest common divisor of 20539564 and 141.
47
Calculate the highest common factor of 3764512 and 109040.
752
Calculate the greates